e units digit of b?
2
Suppose -6*j + 4*b + 2995 = -j, 0 = -4*b - 20. What is the tens digit of j?
9
Suppose -i + 1098 = 2*s, 2*i + 11*s = 8*s + 2192. What is the thousands digit of i?
1
Let h(r) = -27*r - 37. Let l be h(-7). What is the units digit of (-3*4/(-12))/(2/l)?
6
Let m be ((-1220)/(-20))/(2/4). What is the units digit of m*(-5)/(-30)*9?
3
Let b = -93 - -489. What is the tens digit of b?
9
Let q(i) = 0*i**2 - i**3 - 2*i**2 + 2*i - 5 + 2*i. What is the units digit of q(-4)?
1
Let q be 6/2 - 1/((-1)/2). Suppose -q*p = 5*r - 173 + 33, -4*r + 2*p + 118 = 0. What is the tens digit of r?
2
Suppose -2*o + 4*a = 0, 3*a + 0*a = 4*o. Suppose 5*p - 44 + 9 = o. Suppose 2*i + 175 = p*i. What is the tens digit of i?
3
Let l = 76 + 47. Let y = l - 28. What is the units digit of y?
5
Let c(g) = g**2 + 6*g - 48. What is the units digit of c(-18)?
8
Suppose 0 = 5*z - 0*g - 3*g - 1874, -2*g = -5*z + 1876. What is the hundreds digit of z?
3
Let k = 2220 - 514. What is the tens digit of k?
0
Let d(k) = -k**2 + 10*k + 2. Suppose -4*u - 7*c = -3*c - 16, 37 = 4*u - 3*c. What is the tens digit of d(u)?
2
Suppose 3*i + 16 = 28. Suppose -3*z + 0*u - u = -173, i*u = -4*z + 228. What is the tens digit of z?
5
Suppose -3*w + 3*w = 9*w. Let p(j) = -4*j**2 + 2*j + 182. What is the units digit of p(w)?
2
What is the tens digit of (-2002)/(-2) + -3 + 11?
0
Let u = 264 + -197. What is the units digit of u?
7
Suppose 5 = -3*u - 43. Let p be ((-156)/(-48))/((-1)/u). Suppose y - p = -y. What is the units digit of y?
6
Suppose 10*f = 15*f - o - 12737, -4*f = o - 10195. What is the thousands digit of f?
2
Let s(i) = i**3 + 6*i**2 + i. Let o = 15 - 19. What is the tens digit of s(o)?
2
Let i = -16 + 18. What is the tens digit of i/((2/4)/(58/4))?
5
Let u(m) = -4*m. Let s(w) = -w + 1. Let c(l) = 3*s(l) - u(l). Let f be c(1). What is the tens digit of -1 + (-4)/(f/(-23))?
2
Let p = -4 + 7. Suppose 2*s = -p*w + 86, 39 + 23 = 2*w - s. What is the units digit of w?
0
Suppose -2*o = 4*g - 1104, -o + 267 = -g - 294. What is the units digit of o?
8
Suppose -4*t + 0*t = -3*p + 26, 2*p + t - 10 = 0. What is the units digit of p?
6
Suppose 20 = -4*k + 2*k. Let h be -2*(2 + k/4). Suppose -s + h = -9. What is the tens digit of s?
1
Let o = -88 - -155. Suppose -o*i + 396 = -65*i. What is the units digit of i?
8
Let r(m) = -m**3 - m**2 + m. Let v(b) = -2*b**3 + 3*b**2 + 2*b + 10. Let p(o) = -3*r(o) + v(o). What is the units digit of p(-4)?
6
Suppose -3*m - 2*r = -38, -4*m = -5*m - 4*r + 16. Suppose 11 = h - m. Suppose -o - 6 = -h. What is the tens digit of o?
1
What is the hundreds digit of (-42)/(-18) + -2 - 1406/(-3)?
4
Let d(p) = -p**3 + 13*p**2 - 9*p - 23. Let k be d(12). Let w(y) = -y**3 + 1. Let m be w(-2). Let a = k - m. What is the units digit of a?
4
Let c(x) = -118*x + 14. What is the hundreds digit of c(-20)?
3
What is the tens digit of (1668/9)/(2/3)?
7
Let t(n) = 2*n**2 - 57*n - 275. What is the units digit of t(46)?
5
Let z = -2504 + 4976. What is the units digit of z/12 - (3 - -1)?
2
Let b be (12/(-16))/(4/64). What is the units digit of ((-8)/b)/(10/675)?
5
Suppose 3*s - 5986 = 4*j, 0 = 3*s - s - j - 3994. What is the tens digit of s?
9
Let x be (-4)/(-16) - (-47)/4. Suppose 15*j = x*j + 183. What is the units digit of j?
1
Suppose -3*k + 466 = 5*i, 3*k + 2*i = -k + 640. Let j = 21 + k. What is the tens digit of j?
8
Let b = -9 - 1. Let o = b + -65. Let y = -35 - o. What is the units digit of y?
0
Suppose 6*h - 14 = 3*k + 2*h, -20 = -4*h. Suppose 7*v - k*v - 165 = -3*a, -5*v - 2*a = -160. What is the tens digit of v?
3
Let y be (11/(-4))/(1/(-4)). Let t(p) be the third derivative of p**6/120 - p**5/5 + 5*p**4/8 - 3*p**3/2 - 7*p**2. What is the units digit of t(y)?
5
Let b be (6/(-5))/(9/(-30)). Suppose -f = 2*v - 172, 3*v + 8*f = 3*f + 265. Suppose -t + 62 = 4*i - i, b*i - t = v. What is the tens digit of i?
2
Let b = 348 + -213. What is the hundreds digit of b?
1
Suppose 0*r = -4*r + 20. Suppose -452 = 2*i - r*i + 5*a, a + 148 = i. What is the tens digit of i?
4
Let h(x) = x + 7. Let c be h(-6). What is the tens digit of 62/(-10)*(-5)/c?
3
Suppose 3*z + 136 = 5*z. Let b be ((-19)/(-2))/(114/(-60) + 2). Let v = b - z. What is the units digit of v?
7
What is the units digit of ((-689)/(-1) - 1) + -31 + 31?
8
Let s be (-6)/10 - (-1095)/75. What is the tens digit of (-2286)/(-63) - 4/s?
3
Let l = 68 + -47. Suppose 3*r = r. Suppose r = b - 1 - l. What is the units digit of b?
2
Let n be 3 - (6/3 - 3). Let z be (-108)/(-26) + -2 - (-4)/(-26). Suppose 3*j + n*l - 16 = 64, z*j = -3*l + 55. What is the units digit of j?
0
Let j = 484 + -271. What is the hundreds digit of j?
2
Suppose 99 + 58 = 5*l - 2*y, 0 = -2*l - 3*y + 78. Let p = -49 + 36. Let t = p + l. What is the tens digit of t?
2
Let z be 2/(-4)*0*(-9)/27. Suppose z = -u + 13*u - 2376. What is the hundreds digit of u?
1
Let t(q) = -7*q + 32. Let y(h) = -h**3 + 7*h**2 - 9*h + 8. Let c be y(6). What is the units digit of t(c)?
2
Let j = -8 - -11. Suppose 0 = j*f - 0 + 6. What is the units digit of ((-1)/1)/(f/16)?
8
Suppose -3*w + 2283 = 3*u, -u + 865 - 92 = 4*w. What is the hundreds digit of u?
7
Let t be (2 + 1)*(-64)/(-24). Let z be 4*1/t*10. Suppose 0 = -i + z*i - 40. What is the units digit of i?
0
Let c(x) = x**3 + 6*x**2 - 6*x - 7. Let i(z) be the second derivative of z**3/2 + 21*z**2/2 + 5*z. Let j be i(-9). What is the tens digit of c(j)?
2
Suppose -2*o = -15 + 9. Let r(s) = -2*s + 8. Let q(z) = 6*z - 23. Let u(d) = 3*q(d) + 8*r(d). What is the units digit of u(o)?
1
Let q = 15 + 25. Let x be (18/10)/(24/q). Suppose x*l + 150 = 6*l. What is the units digit of l?
0
Let l be (-5343)/24 + 6/(-16). Let s = -88 - l. What is the units digit of s?
5
Suppose -2*x - 8 = -10*x. What is the hundreds digit of (112 + x)*(13 - 12)?
1
Let u = -184 - -424. What is the units digit of u?
0
Let f(o) = -8*o + 1. Let c(p) = -8*p + 2. Let s(x) = -2*c(x) + 3*f(x). What is the units digit of s(-7)?
5
Suppose 4*m - 1081 = 1475. Suppose -14*a - m = -17*a. What is the hundreds digit of a?
2
Let t(j) = 52*j**2 + 6*j - 3. Suppose 0*c - 2 = -3*c - 4*s, 5*s - 5 = -5*c. What is the tens digit of t(c)?
1
Let x(v) be the second derivative of 5*v**3/6 - v**2 - v. Let t be x(2). Suppose 59 = z - 3*q, -2*q - 47 - t = -z. What is the tens digit of z?
4
Suppose 144*a - n - 617 = 142*a, 4 = -4*n. What is the hundreds digit of a?
3
Let b(c) = -c**2 + c + 1. Let h(u) = -5*u**2 - 5*u + 1. Let n(s) = b(s) - h(s). What is the units digit of n(3)?
4
Suppose 3*r - 22 + 4 = 0. What is the units digit of -3 + 12 + -4 + r?
1
Let d be 17/7 - 21/49. What is the units digit of 204/(d/2) + 1?
5
Suppose 463 = -10*i - 107. Let o = i + 213. What is the tens digit of o?
5
Suppose q + 180 = -3*q. Let l = q + -14. Let s = -35 - l. What is the tens digit of s?
2
Suppose -3*n - 3*b = 8 + 1, 5*n = 5*b + 25. What is the tens digit of (33 - 37)*-1*6*n?
2
Let o(l) = 2. Let h(b) = -b. Let s(v) = 2*h(v) + o(v). Let z be s(-1). Suppose -z*i + 132 - 28 = 0. What is the tens digit of i?
2
Let n = 18 + -15. Suppose 4*q - 2*q = -n*m + 3, 0 = 5*q + 4*m - 11. Suppose 2*s - 12 = 2*d, -4*d - q = 3*s - 4*s. What is the units digit of s?
7
Suppose -2368 = -6*n + 14. What is the hundreds digit of n?
3
Suppose r - 43 = -3*d, -2*r + 66 = -2*d + 4*d. What is the units digit of r?
8
Let b be (5 + -2)/(-2 + 14/4). Suppose -5*d + 319 = 2*l, 299 = 2*l + b*d - d. What is the hundreds digit of l?
1
Suppose -14*m + 49818 + 16150 = 0. What is the hundreds digit of m?
7
Suppose 4*f - 963 = -x, -6*x + x + 15 = 0. What is the units digit of f?
0
Suppose -80*x + 78*x + 2*v = -4102, 5*x = v + 10263. What is the units digit of x?
3
Let a be (9 + -8)*1*2. Suppose o - 1 = a*o. What is the tens digit of 11 + o/((-1)/3)?
1
Let i be (372/(-9))/((-3)/9). Let o = 231 - i. What is the units digit of o?
7
Let p(m) be the first derivative of 7*m**4/2 + m**3 - m**2/2 - 2*m + 5. Let z be p(2). What is the tens digit of (z/4)/((-2)/(-1))?
1
Suppose -3*p + 5*p - 42 = 0. Suppose 101 = 5*j + p. What is the tens digit of j?
1
Let z be 6/(-10) + (-435)/25. Let d be (-4)/z + 1599/(-27). Let y = d + 89. What is the tens digit of y?
3
Suppose 0 = -2*a, 3*o - 4*o + 5*a + 3 = 0. Suppose -194 = -4*x - o*q, x - 73 + 20 = -3*q. What